{"id":819,"date":"2022-01-21T12:09:09","date_gmt":"2022-01-21T11:09:09","guid":{"rendered":"https:\/\/www.cortijolamariscala.com\/?page_id=819"},"modified":"2022-02-03T13:09:44","modified_gmt":"2022-02-03T12:09:44","slug":"le-cortijo","status":"publish","type":"page","link":"https:\/\/www.cortijolamariscala.com\/fr\/le-cortijo\/","title":{"rendered":"Le Cortijo"},"content":{"rendered":"<div class=\"wp-bootstrap-blocks-container container mb-2\">\n\t\n<div class=\"wp-bootstrap-blocks-row row\">\n\t\n\n<div class=\"col-12 col-sm-12 col-md-8 col-lg-8 col-xl-8 offset-md-2 offset-lg-2 offset-xl-2 text-center\">\n\t\t\t\n\n<h1 class=\"h2 wp-block-heading\">Le Cortijo<\/h1>\n\n\n\n<hr class=\"wp-block-separator\"\/>\n\n\t<\/div>\n\n<\/div>\n\n\n<div class=\"wp-bootstrap-blocks-row row\">\n\t\n\n<div class=\"col-12 col-sm-12 col-md-8 col-lg-8 col-xl-8 text-center offset-md-2 offset-lg-2 offset-xl-2\">\n\t\t\t\n\n<h2 class=\"rojo wp-block-heading\">La Mariscala, une marque profonde dans l&#8217;histoire du cheval \u00e0 Jerez.<\/h2>\n\n\n\n<p>La Mariscala, une ferme embl\u00e9matique appartenant \u00e0 la famille Guerrero, viticulteurs et agriculteurs qui, au XIXe si\u00e8cle, \u00e9taient les \u00e9leveurs de chevaux espagnols les plus importants au monde, laissant une trace profonde dans l&#8217;histoire du cheval \u00e0 Jerez.On a amen\u00e9 \u00e0 Jerez les chevaux anglais &#8220;Hackney&#8221;, de magnifiques chevaux de trait, des chevaux anglais de pure race pour les courses et des croisements extraordinaires pour obtenir des \u00e9quid\u00e9s pouvant \u00eatre utilis\u00e9s pour le travail \u00e0 la campagne. <\/p>\n\n\n\n<p>C&#8217;est dans la ferme de La Mariscala, d\u00e9di\u00e9e \u00e0 l&#8217;\u00e9levage de chevaux, que Ram\u00f3n Guerrero et sa famille ont \u00e9lev\u00e9 400 juments poulini\u00e8res et ont remport\u00e9 de nombreux prix et r\u00e9compenses pour cette activit\u00e9.<\/p>\n\n\n\n<p>La Mariscala est une ferme familiale, un lieu de rencontre et de plaisir de la famille Guerrero de puis plusieurs  g\u00e9n\u00e9rations et cela en fait un lieu magique, gr\u00e2ce  \u00e0 son environnement et \u00e0 la diversit\u00e9 des espaces offerts par la ferme, c&#8217;est une maison id\u00e9ale \u00e0 partager ou pour profiter de l&#8217;intimit\u00e9 la plus absolue en pleine nature.<\/p>\n\n\t<\/div>\n\n<\/div>\n\n<\/div>\n\n\n\n<figure class=\"wp-block-image size-full full\"><img decoding=\"async\" width=\"1920\" height=\"951\" src=\"https:\/\/www.cortijolamariscala.com\/wp-content\/uploads\/2022\/01\/img-slide-1.jpg\" alt=\"\" class=\"wp-image-622\" srcset=\"https:\/\/www.cortijolamariscala.com\/wp-content\/uploads\/2022\/01\/img-slide-1.jpg 1920w, https:\/\/www.cortijolamariscala.com\/wp-content\/uploads\/2022\/01\/img-slide-1-300x149.jpg 300w, https:\/\/www.cortijolamariscala.com\/wp-content\/uploads\/2022\/01\/img-slide-1-1024x507.jpg 1024w, https:\/\/www.cortijolamariscala.com\/wp-content\/uploads\/2022\/01\/img-slide-1-768x380.jpg 768w, https:\/\/www.cortijolamariscala.com\/wp-content\/uploads\/2022\/01\/img-slide-1-1536x761.jpg 1536w\" sizes=\"(max-width: 1920px) 100vw, 1920px\" \/><\/figure>\n\n\n<div class=\"wp-bootstrap-blocks-container container mb-2\">\n\t\n<div class=\"wp-bootstrap-blocks-row row\">\n\t\n\n<div class=\"col-12 col-sm-12 col-md-10 col-lg-10 col-xl-10 text-center offset-md-1 offset-lg-1 offset-xl-1\">\n\t\t\t\n\n<p>R\u00e9nov\u00e9e en 2008, et parfaitement \u00e9quip\u00e9e comme une maison rurale, La Mariscala compte 7 chambres doubles spacieuses et Aux plafonds hauts. Il conserve diff\u00e9rents salons et salles \u00e0 manger. Piscine et court de paddle tennis dans un grand jardin. Salle \u00e0 manger s\u00e9par\u00e9e de la maison principale. Maison Amasijo o\u00f9 le pain \u00e9tait autre fois p\u00e9tri et cuit. \u00c9curies, sellerie et zone de r\u00e9cr\u00e9ation. Il dispose d&#8217;une extension de 315 hectares d&#8217;agriculture et de 36 hectares d&#8217;oliveraie pour se promener en pleine nature.<\/p>\n\n\t<\/div>\n\n<\/div>\n\n<\/div>\n\n\n\n<div id=\"video\" class=\"wp-block-group bloque-carousel\"><div class=\"wp-block-group__inner-container is-layout-flow wp-block-group-is-layout-flow\">\n<figure class=\"wp-block-image size-full img-fluid\"><img decoding=\"async\" width=\"635\" height=\"424\" src=\"https:\/\/www.cortijolamariscala.com\/wp-content\/uploads\/2022\/01\/cortijo1.jpg\" alt=\"\" class=\"wp-image-813\" srcset=\"https:\/\/www.cortijolamariscala.com\/wp-content\/uploads\/2022\/01\/cortijo1.jpg 635w, https:\/\/www.cortijolamariscala.com\/wp-content\/uploads\/2022\/01\/cortijo1-300x200.jpg 300w\" sizes=\"(max-width: 635px) 100vw, 635px\" \/><\/figure>\n\n\n\n<a class=\"my-link venobox\" data-autoplay=\"true\" data-vbtype=\"video\" href=\"http:\/\/www.youtube.com\/watch?v=5o4Ei2hYUQ8\"><figure class=\"wp-block-image size-full img-fluid\"><img decoding=\"async\" width=\"635\" height=\"424\" src=\"https:\/\/www.cortijolamariscala.com\/wp-content\/uploads\/2022\/02\/bannervideo.jpg\" alt=\"\" class=\"wp-image-1272\" srcset=\"https:\/\/www.cortijolamariscala.com\/wp-content\/uploads\/2022\/02\/bannervideo.jpg 635w, https:\/\/www.cortijolamariscala.com\/wp-content\/uploads\/2022\/02\/bannervideo-300x200.jpg 300w\" sizes=\"(max-width: 635px) 100vw, 635px\" \/><\/figure><\/a>\n\n\n\n<figure class=\"wp-block-image size-full img-fluid\"><img decoding=\"async\" width=\"634\" height=\"423\" src=\"https:\/\/www.cortijolamariscala.com\/wp-content\/uploads\/2022\/01\/cortijo3.jpg\" alt=\"\" class=\"wp-image-815\" srcset=\"https:\/\/www.cortijolamariscala.com\/wp-content\/uploads\/2022\/01\/cortijo3.jpg 634w, https:\/\/www.cortijolamariscala.com\/wp-content\/uploads\/2022\/01\/cortijo3-300x200.jpg 300w\" sizes=\"(max-width: 634px) 100vw, 634px\" \/><\/figure>\n<\/div><\/div>\n\n\n\n<div class=\"wp-block-group bloque-reserva bg-gris_claro2\"><div class=\"wp-block-group__inner-container is-layout-flow wp-block-group-is-layout-flow\"><div class=\"wp-bootstrap-blocks-container container mb-2\">\n\t\n<div class=\"wp-bootstrap-blocks-row row\">\n\t\n\n<div class=\"col-12 col-sm-12 col-md-10 col-lg-10 col-xl-10 text-center offset-md-1 offset-lg-1 offset-xl-1\">\n\t\t\t\n\n<h2 class=\"h1 rojo wp-block-heading\">Haz tu reserva<\/h2>\n\n\n\n<p class=\"gris_claro\">Haz tu reserva y disfruta de una experiencia \u00fanica en Cortijo La Mariscala<\/p>\n\n\n\n<a href=\"\/reserva\/\" class=\"cta primary\">Haz tu reserva<\/a>\n\n\t<\/div>\n\n<\/div>\n\n<\/div>\n<\/div><\/div>\n","protected":false},"excerpt":{"rendered":"","protected":false},"author":1,"featured_media":0,"parent":0,"menu_order":0,"comment_status":"closed","ping_status":"closed","template":"page-templates\/content-full-width.php","meta":{"inline_featured_image":false,"footnotes":""},"yoast_head":"<!-- This site is optimized with the Yoast SEO plugin v22.6 - https:\/\/yoast.com\/wordpress\/plugins\/seo\/ -->\n<title>Le Cortijo - Cortijo La Mariscala<\/title>\n<meta name=\"robots\" content=\"index, follow, max-snippet:-1, max-image-preview:large, max-video-preview:-1\" \/>\n<link rel=\"canonical\" href=\"https:\/\/www.cortijolamariscala.com\/fr\/le-cortijo\/\" \/>\n<meta property=\"og:locale\" content=\"fr_FR\" \/>\n<meta property=\"og:type\" content=\"article\" \/>\n<meta property=\"og:title\" content=\"Le Cortijo - Cortijo La Mariscala\" \/>\n<meta property=\"og:url\" content=\"https:\/\/www.cortijolamariscala.com\/fr\/le-cortijo\/\" \/>\n<meta property=\"og:site_name\" content=\"Cortijo La Mariscala\" \/>\n<meta property=\"article:modified_time\" content=\"2022-02-03T12:09:44+00:00\" \/>\n<meta property=\"og:image\" content=\"https:\/\/www.cortijolamariscala.com\/wp-content\/uploads\/2022\/01\/img-slide-1.jpg\" \/>\n<meta name=\"twitter:card\" content=\"summary_large_image\" \/>\n<meta name=\"twitter:label1\" content=\"Est. reading time\" \/>\n\t<meta name=\"twitter:data1\" content=\"3 minutes\" \/>\n<script type=\"application\/ld+json\" class=\"yoast-schema-graph\">{\"@context\":\"https:\/\/schema.org\",\"@graph\":[{\"@type\":\"WebPage\",\"@id\":\"https:\/\/www.cortijolamariscala.com\/fr\/le-cortijo\/\",\"url\":\"https:\/\/www.cortijolamariscala.com\/fr\/le-cortijo\/\",\"name\":\"Le Cortijo - Cortijo La Mariscala\",\"isPartOf\":{\"@id\":\"https:\/\/www.cortijolamariscala.com\/#website\"},\"primaryImageOfPage\":{\"@id\":\"https:\/\/www.cortijolamariscala.com\/fr\/le-cortijo\/#primaryimage\"},\"image\":{\"@id\":\"https:\/\/www.cortijolamariscala.com\/fr\/le-cortijo\/#primaryimage\"},\"thumbnailUrl\":\"https:\/\/www.cortijolamariscala.com\/wp-content\/uploads\/2022\/01\/img-slide-1.jpg\",\"datePublished\":\"2022-01-21T11:09:09+00:00\",\"dateModified\":\"2022-02-03T12:09:44+00:00\",\"breadcrumb\":{\"@id\":\"https:\/\/www.cortijolamariscala.com\/fr\/le-cortijo\/#breadcrumb\"},\"inLanguage\":\"fr-FR\",\"potentialAction\":[{\"@type\":\"ReadAction\",\"target\":[\"https:\/\/www.cortijolamariscala.com\/fr\/le-cortijo\/\"]}]},{\"@type\":\"ImageObject\",\"inLanguage\":\"fr-FR\",\"@id\":\"https:\/\/www.cortijolamariscala.com\/fr\/le-cortijo\/#primaryimage\",\"url\":\"https:\/\/www.cortijolamariscala.com\/wp-content\/uploads\/2022\/01\/img-slide-1.jpg\",\"contentUrl\":\"https:\/\/www.cortijolamariscala.com\/wp-content\/uploads\/2022\/01\/img-slide-1.jpg\"},{\"@type\":\"BreadcrumbList\",\"@id\":\"https:\/\/www.cortijolamariscala.com\/fr\/le-cortijo\/#breadcrumb\",\"itemListElement\":[{\"@type\":\"ListItem\",\"position\":1,\"name\":\"Portada\",\"item\":\"https:\/\/www.cortijolamariscala.com\/fr\/\"},{\"@type\":\"ListItem\",\"position\":2,\"name\":\"Le Cortijo\"}]},{\"@type\":\"WebSite\",\"@id\":\"https:\/\/www.cortijolamariscala.com\/#website\",\"url\":\"https:\/\/www.cortijolamariscala.com\/\",\"name\":\"Cortijo La Mariscala\",\"description\":\"Un Cortijo t\u00edpicamente Andaluz\",\"potentialAction\":[{\"@type\":\"SearchAction\",\"target\":{\"@type\":\"EntryPoint\",\"urlTemplate\":\"https:\/\/www.cortijolamariscala.com\/?s={search_term_string}\"},\"query-input\":\"required name=search_term_string\"}],\"inLanguage\":\"fr-FR\"}]}<\/script>\n<!-- \/ Yoast SEO plugin. -->","yoast_head_json":{"title":"Le Cortijo - Cortijo La Mariscala","robots":{"index":"index","follow":"follow","max-snippet":"max-snippet:-1","max-image-preview":"max-image-preview:large","max-video-preview":"max-video-preview:-1"},"canonical":"https:\/\/www.cortijolamariscala.com\/fr\/le-cortijo\/","og_locale":"fr_FR","og_type":"article","og_title":"Le Cortijo - Cortijo La Mariscala","og_url":"https:\/\/www.cortijolamariscala.com\/fr\/le-cortijo\/","og_site_name":"Cortijo La Mariscala","article_modified_time":"2022-02-03T12:09:44+00:00","og_image":[{"url":"https:\/\/www.cortijolamariscala.com\/wp-content\/uploads\/2022\/01\/img-slide-1.jpg"}],"twitter_card":"summary_large_image","twitter_misc":{"Est. reading time":"3 minutes"},"schema":{"@context":"https:\/\/schema.org","@graph":[{"@type":"WebPage","@id":"https:\/\/www.cortijolamariscala.com\/fr\/le-cortijo\/","url":"https:\/\/www.cortijolamariscala.com\/fr\/le-cortijo\/","name":"Le Cortijo - Cortijo La Mariscala","isPartOf":{"@id":"https:\/\/www.cortijolamariscala.com\/#website"},"primaryImageOfPage":{"@id":"https:\/\/www.cortijolamariscala.com\/fr\/le-cortijo\/#primaryimage"},"image":{"@id":"https:\/\/www.cortijolamariscala.com\/fr\/le-cortijo\/#primaryimage"},"thumbnailUrl":"https:\/\/www.cortijolamariscala.com\/wp-content\/uploads\/2022\/01\/img-slide-1.jpg","datePublished":"2022-01-21T11:09:09+00:00","dateModified":"2022-02-03T12:09:44+00:00","breadcrumb":{"@id":"https:\/\/www.cortijolamariscala.com\/fr\/le-cortijo\/#breadcrumb"},"inLanguage":"fr-FR","potentialAction":[{"@type":"ReadAction","target":["https:\/\/www.cortijolamariscala.com\/fr\/le-cortijo\/"]}]},{"@type":"ImageObject","inLanguage":"fr-FR","@id":"https:\/\/www.cortijolamariscala.com\/fr\/le-cortijo\/#primaryimage","url":"https:\/\/www.cortijolamariscala.com\/wp-content\/uploads\/2022\/01\/img-slide-1.jpg","contentUrl":"https:\/\/www.cortijolamariscala.com\/wp-content\/uploads\/2022\/01\/img-slide-1.jpg"},{"@type":"BreadcrumbList","@id":"https:\/\/www.cortijolamariscala.com\/fr\/le-cortijo\/#breadcrumb","itemListElement":[{"@type":"ListItem","position":1,"name":"Portada","item":"https:\/\/www.cortijolamariscala.com\/fr\/"},{"@type":"ListItem","position":2,"name":"Le Cortijo"}]},{"@type":"WebSite","@id":"https:\/\/www.cortijolamariscala.com\/#website","url":"https:\/\/www.cortijolamariscala.com\/","name":"Cortijo La Mariscala","description":"Un Cortijo t\u00edpicamente Andaluz","potentialAction":[{"@type":"SearchAction","target":{"@type":"EntryPoint","urlTemplate":"https:\/\/www.cortijolamariscala.com\/?s={search_term_string}"},"query-input":"required name=search_term_string"}],"inLanguage":"fr-FR"}]}},"_links":{"self":[{"href":"https:\/\/www.cortijolamariscala.com\/fr\/wp-json\/wp\/v2\/pages\/819"}],"collection":[{"href":"https:\/\/www.cortijolamariscala.com\/fr\/wp-json\/wp\/v2\/pages"}],"about":[{"href":"https:\/\/www.cortijolamariscala.com\/fr\/wp-json\/wp\/v2\/types\/page"}],"author":[{"embeddable":true,"href":"https:\/\/www.cortijolamariscala.com\/fr\/wp-json\/wp\/v2\/users\/1"}],"replies":[{"embeddable":true,"href":"https:\/\/www.cortijolamariscala.com\/fr\/wp-json\/wp\/v2\/comments?post=819"}],"version-history":[{"count":9,"href":"https:\/\/www.cortijolamariscala.com\/fr\/wp-json\/wp\/v2\/pages\/819\/revisions"}],"predecessor-version":[{"id":1302,"href":"https:\/\/www.cortijolamariscala.com\/fr\/wp-json\/wp\/v2\/pages\/819\/revisions\/1302"}],"wp:attachment":[{"href":"https:\/\/www.cortijolamariscala.com\/fr\/wp-json\/wp\/v2\/media?parent=819"}],"curies":[{"name":"wp","href":"https:\/\/api.w.org\/{rel}","templated":true}]}}

<div class="wp-bootstrap-blocks-container container mb-2">
	
<div class="wp-bootstrap-blocks-row row">
	

<div class="col-12 col-sm-12 col-md-8 col-lg-8 col-xl-8 offset-md-2 offset-lg-2 offset-xl-2 text-center">
			

<h1 class="h2 wp-block-heading">Le Cortijo</h1>



<hr class="wp-block-separator"/>

	</div>

</div>


<div class="wp-bootstrap-blocks-row row">
	

<div class="col-12 col-sm-12 col-md-8 col-lg-8 col-xl-8 text-center offset-md-2 offset-lg-2 offset-xl-2">
			

<h2 class="rojo wp-block-heading">La Mariscala, une marque profonde dans l&#8217;histoire du cheval à Jerez.</h2>



<p>La Mariscala, une ferme emblématique appartenant à la famille Guerrero, viticulteurs et agriculteurs qui, au XIXe siècle, étaient les éleveurs de chevaux espagnols les plus importants au monde, laissant une trace profonde dans l&#8217;histoire du cheval à Jerez.On a amené à Jerez les chevaux anglais &#8220;Hackney&#8221;, de magnifiques chevaux de trait, des chevaux anglais de pure race pour les courses et des croisements extraordinaires pour obtenir des équidés pouvant être utilisés pour le travail à la campagne. </p>



<p>C&#8217;est dans la ferme de La Mariscala, dédiée à l&#8217;élevage de chevaux, que Ramón Guerrero et sa famille ont élevé 400 juments poulinières et ont remporté de nombreux prix et récompenses pour cette activité.</p>



<p>La Mariscala est une ferme familiale, un lieu de rencontre et de plaisir de la famille Guerrero de puis plusieurs  générations et cela en fait un lieu magique, grâce  à son environnement et à la diversité des espaces offerts par la ferme, c&#8217;est une maison idéale à partager ou pour profiter de l&#8217;intimité la plus absolue en pleine nature.</p>

	</div>

</div>

</div>



<figure class="wp-block-image size-full full"><img decoding="async" width="1920" height="951" src="https://www.cortijolamariscala.com/wp-content/uploads/2022/01/img-slide-1.jpg" alt="" class="wp-image-622" srcset="https://www.cortijolamariscala.com/wp-content/uploads/2022/01/img-slide-1.jpg 1920w, https://www.cortijolamariscala.com/wp-content/uploads/2022/01/img-slide-1-300x149.jpg 300w, https://www.cortijolamariscala.com/wp-content/uploads/2022/01/img-slide-1-1024x507.jpg 1024w, https://www.cortijolamariscala.com/wp-content/uploads/2022/01/img-slide-1-768x380.jpg 768w, https://www.cortijolamariscala.com/wp-content/uploads/2022/01/img-slide-1-1536x761.jpg 1536w" sizes="(max-width: 1920px) 100vw, 1920px" /></figure>


<div class="wp-bootstrap-blocks-container container mb-2">
	
<div class="wp-bootstrap-blocks-row row">
	

<div class="col-12 col-sm-12 col-md-10 col-lg-10 col-xl-10 text-center offset-md-1 offset-lg-1 offset-xl-1">
			

<p>Rénovée en 2008, et parfaitement équipée comme une maison rurale, La Mariscala compte 7 chambres doubles spacieuses et Aux plafonds hauts. Il conserve différents salons et salles à manger. Piscine et court de paddle tennis dans un grand jardin. Salle à manger séparée de la maison principale. Maison Amasijo où le pain était autre fois pétri et cuit. Écuries, sellerie et zone de récréation. Il dispose d&#8217;une extension de 315 hectares d&#8217;agriculture et de 36 hectares d&#8217;oliveraie pour se promener en pleine nature.</p>

	</div>

</div>

</div>



<div id="video" class="wp-block-group bloque-carousel"><div class="wp-block-group__inner-container is-layout-flow wp-block-group-is-layout-flow">
<figure class="wp-block-image size-full img-fluid"><img decoding="async" width="635" height="424" src="https://www.cortijolamariscala.com/wp-content/uploads/2022/01/cortijo1.jpg" alt="" class="wp-image-813" srcset="https://www.cortijolamariscala.com/wp-content/uploads/2022/01/cortijo1.jpg 635w, https://www.cortijolamariscala.com/wp-content/uploads/2022/01/cortijo1-300x200.jpg 300w" sizes="(max-width: 635px) 100vw, 635px" /></figure>



<a class="my-link venobox" data-autoplay="true" data-vbtype="video" href="http://www.youtube.com/watch?v=5o4Ei2hYUQ8"><figure class="wp-block-image size-full img-fluid"><img decoding="async" width="635" height="424" src="https://www.cortijolamariscala.com/wp-content/uploads/2022/02/bannervideo.jpg" alt="" class="wp-image-1272" srcset="https://www.cortijolamariscala.com/wp-content/uploads/2022/02/bannervideo.jpg 635w, https://www.cortijolamariscala.com/wp-content/uploads/2022/02/bannervideo-300x200.jpg 300w" sizes="(max-width: 635px) 100vw, 635px" /></figure></a>



<figure class="wp-block-image size-full img-fluid"><img decoding="async" width="634" height="423" src="https://www.cortijolamariscala.com/wp-content/uploads/2022/01/cortijo3.jpg" alt="" class="wp-image-815" srcset="https://www.cortijolamariscala.com/wp-content/uploads/2022/01/cortijo3.jpg 634w, https://www.cortijolamariscala.com/wp-content/uploads/2022/01/cortijo3-300x200.jpg 300w" sizes="(max-width: 634px) 100vw, 634px" /></figure>
</div></div>



<div class="wp-block-group bloque-reserva bg-gris_claro2"><div class="wp-block-group__inner-container is-layout-flow wp-block-group-is-layout-flow"><div class="wp-bootstrap-blocks-container container mb-2">
	
<div class="wp-bootstrap-blocks-row row">
	

<div class="col-12 col-sm-12 col-md-10 col-lg-10 col-xl-10 text-center offset-md-1 offset-lg-1 offset-xl-1">
			

<h2 class="h1 rojo wp-block-heading">Haz tu reserva</h2>



<p class="gris_claro">Haz tu reserva y disfruta de una experiencia única en Cortijo La Mariscala</p>



<a href="/reserva/" class="cta primary">Haz tu reserva</a>

	</div>

</div>

</div>
</div></div>

<!-- This site is optimized with the Yoast SEO plugin v22.6 - https://yoast.com/wordpress/plugins/seo/ -->
<title>Le Cortijo - Cortijo La Mariscala</title>
<meta name="robots" content="index, follow, max-snippet:-1, max-image-preview:large, max-video-preview:-1" />
<link rel="canonical" href="https://www.cortijolamariscala.com/fr/le-cortijo/" />
<meta property="og:locale" content="fr_FR" />
<meta property="og:type" content="article" />
<meta property="og:title" content="Le Cortijo - Cortijo La Mariscala" />
<meta property="og:url" content="https://www.cortijolamariscala.com/fr/le-cortijo/" />
<meta property="og:site_name" content="Cortijo La Mariscala" />
<meta property="article:modified_time" content="2022-02-03T12:09:44+00:00" />
<meta property="og:image" content="https://www.cortijolamariscala.com/wp-content/uploads/2022/01/img-slide-1.jpg" />
<meta name="twitter:card" content="summary_large_image" />
<meta name="twitter:label1" content="Est. reading time" />
	<meta name="twitter:data1" content="3 minutes" />
<script type="application/ld+json" class="yoast-schema-graph">{"@context":"https://schema.org","@graph":[{"@type":"WebPage","@id":"https://www.cortijolamariscala.com/fr/le-cortijo/","url":"https://www.cortijolamariscala.com/fr/le-cortijo/","name":"Le Cortijo - Cortijo La Mariscala","isPartOf":{"@id":"https://www.cortijolamariscala.com/#website"},"primaryImageOfPage":{"@id":"https://www.cortijolamariscala.com/fr/le-cortijo/#primaryimage"},"image":{"@id":"https://www.cortijolamariscala.com/fr/le-cortijo/#primaryimage"},"thumbnailUrl":"https://www.cortijolamariscala.com/wp-content/uploads/2022/01/img-slide-1.jpg","datePublished":"2022-01-21T11:09:09+00:00","dateModified":"2022-02-03T12:09:44+00:00","breadcrumb":{"@id":"https://www.cortijolamariscala.com/fr/le-cortijo/#breadcrumb"},"inLanguage":"fr-FR","potentialAction":[{"@type":"ReadAction","target":["https://www.cortijolamariscala.com/fr/le-cortijo/"]}]},{"@type":"ImageObject","inLanguage":"fr-FR","@id":"https://www.cortijolamariscala.com/fr/le-cortijo/#primaryimage","url":"https://www.cortijolamariscala.com/wp-content/uploads/2022/01/img-slide-1.jpg","contentUrl":"https://www.cortijolamariscala.com/wp-content/uploads/2022/01/img-slide-1.jpg"},{"@type":"BreadcrumbList","@id":"https://www.cortijolamariscala.com/fr/le-cortijo/#breadcrumb","itemListElement":[{"@type":"ListItem","position":1,"name":"Portada","item":"https://www.cortijolamariscala.com/fr/"},{"@type":"ListItem","position":2,"name":"Le Cortijo"}]},{"@type":"WebSite","@id":"https://www.cortijolamariscala.com/#website","url":"https://www.cortijolamariscala.com/","name":"Cortijo La Mariscala","description":"Un Cortijo típicamente Andaluz","potentialAction":[{"@type":"SearchAction","target":{"@type":"EntryPoint","urlTemplate":"https://www.cortijolamariscala.com/?s={search_term_string}"},"query-input":"required name=search_term_string"}],"inLanguage":"fr-FR"}]}</script>
<!-- / Yoast SEO plugin. -->

Un Cortijo típicamente Andaluz
